{"id":1022,"date":"2024-03-12T21:18:46","date_gmt":"2024-03-12T18:18:46","guid":{"rendered":"https:\/\/thebaaccesorios.net\/?post_type=product&#038;p=1022"},"modified":"2025-01-16T16:28:58","modified_gmt":"2025-01-16T13:28:58","slug":"reloj-hombre-megir-2217-black","status":"publish","type":"product","link":"https:\/\/thebaaccesorios.net\/?product=reloj-hombre-megir-2217-black","title":{"rendered":"Reloj hombre Megir 2217 black"},"content":{"rendered":"<p>-MARCA: Megir<br \/>\n-MODELO: 2217<br \/>\n-TIPO: Moda, Lujo, Cuarzo,<br \/>\n-TIPO DE MOVIMENTO: Cuarzo<br \/>\n-RESISTENCIA AL AGUA: SI (3 ATM) (Lavado manos, salpicaduras, llovizna)<br \/>\n-LONGITUD DE BANDA: 240 mm<br \/>\n-TAMA\u00d1O CASO: 49 mm<br \/>\n-ANCHO CORREA: 22 mm<br \/>\n-MATERIAL BANDA: Acero inoxidable<br \/>\n-MATERIAL DEL CASO: Aleaci\u00f3n<br \/>\n-FUNCIONES: Fecha autom\u00e1tica, Cron\u00f3grafo, Agujas luminosas<br \/>\n-Incluye caja de presentaci\u00f3n<\/p>\n","protected":false},"excerpt":{"rendered":"<p>-MARCA: Megir -MODELO: 2217 -TIPO: Moda, Lujo, Cuarzo, -TIPO DE MOVIMENTO: Cuarzo -RESISTENCIA AL AGUA: SI (3 ATM) (Lavado manos, salpicaduras, llovizna) -LONGITUD DE BANDA: 240 mm -TAMA\u00d1O CASO: 49 mm -ANCHO CORREA: 22 mm -MATERIAL BANDA: Acero inoxidable -MATERIAL DEL CASO: Aleaci\u00f3n -FUNCIONES: Fecha autom\u00e1tica, Cron\u00f3grafo, Agujas luminosas -Incluye caja de presentaci\u00f3n<\/p>\n","protected":false},"featured_media":1023,"template":"","meta":[],"product_brand":[],"product_cat":[18],"product_tag":[],"class_list":{"0":"post-1022","1":"product","2":"type-product","3":"status-publish","4":"has-post-thumbnail","6":"product_cat-relojes-de-hombre","7":"sales-flash-overlay","8":"woocommerce-text-align-center","9":"woocommerce-image-align-center","10":"do-quantity-buttons","12":"first","13":"instock","14":"shipping-taxable","15":"purchasable","16":"product-type-simple"},"jetpack_sharing_enabled":true,"_links":{"self":[{"href":"https:\/\/thebaaccesorios.net\/index.php?rest_route=\/wp\/v2\/product\/1022","targetHints":{"allow":["GET"]}}],"collection":[{"href":"https:\/\/thebaaccesorios.net\/index.php?rest_route=\/wp\/v2\/product"}],"about":[{"href":"https:\/\/thebaaccesorios.net\/index.php?rest_route=\/wp\/v2\/types\/product"}],"wp:featuredmedia":[{"embeddable":true,"href":"https:\/\/thebaaccesorios.net\/index.php?rest_route=\/wp\/v2\/media\/1023"}],"wp:attachment":[{"href":"https:\/\/thebaaccesorios.net\/index.php?rest_route=%2Fwp%2Fv2%2Fmedia&parent=1022"}],"wp:term":[{"taxonomy":"product_brand","embeddable":true,"href":"https:\/\/thebaaccesorios.net\/index.php?rest_route=%2Fwp%2Fv2%2Fproduct_brand&post=1022"},{"taxonomy":"product_cat","embeddable":true,"href":"https:\/\/thebaaccesorios.net\/index.php?rest_route=%2Fwp%2Fv2%2Fproduct_cat&post=1022"},{"taxonomy":"product_tag","embeddable":true,"href":"https:\/\/thebaaccesorios.net\/index.php?rest_route=%2Fwp%2Fv2%2Fproduct_tag&post=1022"}],"curies":[{"name":"wp","href":"https:\/\/api.w.org\/{rel}","templated":true}]}}