{"id":1107,"date":"2024-03-21T20:04:32","date_gmt":"2024-03-21T17:04:32","guid":{"rendered":"https:\/\/thebaaccesorios.net\/?post_type=product&#038;p=1107"},"modified":"2024-03-21T20:07:03","modified_gmt":"2024-03-21T17:07:03","slug":"pulsera-dama-mano-de-fatima","status":"publish","type":"product","link":"https:\/\/thebaaccesorios.net\/?product=pulsera-dama-mano-de-fatima","title":{"rendered":"Pulsera dama mano de F\u00e1tima"},"content":{"rendered":"<p>Pulsera elastizada de piedra y metal con dije de la mano de F\u00e1tima<\/p>\n<p>Di\u00e1metro sin elastizar: 6 cm<\/p>\n<p>Significado mano de F\u00e1tima:<\/p>\n<p>Quienes utilizan la mano de F\u00e1tima como amuleto lo hacen en la creencia de que les proteger\u00e1 y les aportar\u00e1 suerte y paciencia. Adem\u00e1s, tambi\u00e9n se usa como potente\u00a0<strong>talism\u00e1n contra el mal de ojo,<\/strong>\u00a0la envidia, las malas miradas y los deseos libidinosos y para atraer el amor verdadero, por eso muchas jovencitas lucen este s\u00edmbolo colgado de su cuello, en el convencimiento de que les aporta belleza y serenidad. Y antiguamente, este amuleto se usaba para colgarlo en las puertas de los hogares como s\u00edmbolo de protecci\u00f3n para todos los miembros de la familia.<\/p>\n","protected":false},"excerpt":{"rendered":"<p>Pulsera elastizada de piedra y metal con dije de la mano de F\u00e1tima Di\u00e1metro sin elastizar: 6 cm Significado mano de F\u00e1tima: Quienes utilizan la mano de F\u00e1tima como amuleto lo hacen en la creencia de que les proteger\u00e1 y les aportar\u00e1 suerte y paciencia. Adem\u00e1s, tambi\u00e9n se usa como potente\u00a0talism\u00e1n contra el mal de &#8230; <a title=\"Pulsera dama mano de F\u00e1tima\" class=\"read-more\" href=\"https:\/\/thebaaccesorios.net\/?product=pulsera-dama-mano-de-fatima\" aria-label=\"M\u00e1s en Pulsera dama mano de F\u00e1tima\">Leer m\u00e1s<\/a><\/p>\n","protected":false},"featured_media":1108,"template":"","meta":[],"product_brand":[],"product_cat":[19],"product_tag":[],"class_list":{"0":"post-1107","1":"product","2":"type-product","3":"status-publish","4":"has-post-thumbnail","6":"product_cat-pulseras","7":"sales-flash-overlay","8":"woocommerce-text-align-center","9":"woocommerce-image-align-center","10":"do-quantity-buttons","12":"first","13":"instock","14":"shipping-taxable","15":"purchasable","16":"product-type-simple"},"jetpack_sharing_enabled":true,"_links":{"self":[{"href":"https:\/\/thebaaccesorios.net\/index.php?rest_route=\/wp\/v2\/product\/1107","targetHints":{"allow":["GET"]}}],"collection":[{"href":"https:\/\/thebaaccesorios.net\/index.php?rest_route=\/wp\/v2\/product"}],"about":[{"href":"https:\/\/thebaaccesorios.net\/index.php?rest_route=\/wp\/v2\/types\/product"}],"wp:featuredmedia":[{"embeddable":true,"href":"https:\/\/thebaaccesorios.net\/index.php?rest_route=\/wp\/v2\/media\/1108"}],"wp:attachment":[{"href":"https:\/\/thebaaccesorios.net\/index.php?rest_route=%2Fwp%2Fv2%2Fmedia&parent=1107"}],"wp:term":[{"taxonomy":"product_brand","embeddable":true,"href":"https:\/\/thebaaccesorios.net\/index.php?rest_route=%2Fwp%2Fv2%2Fproduct_brand&post=1107"},{"taxonomy":"product_cat","embeddable":true,"href":"https:\/\/thebaaccesorios.net\/index.php?rest_route=%2Fwp%2Fv2%2Fproduct_cat&post=1107"},{"taxonomy":"product_tag","embeddable":true,"href":"https:\/\/thebaaccesorios.net\/index.php?rest_route=%2Fwp%2Fv2%2Fproduct_tag&post=1107"}],"curies":[{"name":"wp","href":"https:\/\/api.w.org\/{rel}","templated":true}]}}