{"id":448,"date":"2023-11-06T12:33:03","date_gmt":"2023-11-06T12:33:03","guid":{"rendered":"https:\/\/thebaaccesorios.net\/?product=reloj-hombre-curren-8404"},"modified":"2025-07-10T07:36:26","modified_gmt":"2025-07-10T04:36:26","slug":"reloj-hombre-curren-8404","status":"publish","type":"product","link":"https:\/\/thebaaccesorios.net\/?product=reloj-hombre-curren-8404","title":{"rendered":"Reloj hombre Curren 8404"},"content":{"rendered":"<p>CARACTERISTICAS:<\/p>\n<p>-MARCA: Curren<br \/>\n-MODELO:8404<br \/>\n-TIPO: Moda, Lujo.<br \/>\n-TIPO DE MOVIMENTO: Cuarzo (japon\u00e9s)<br \/>\n-RESISTENCIA AL AGUA: 3 ATM<br \/>\n-LONGITUD DE BANDA: 240 mm<br \/>\n-DI\u00c1METRO DEL CASO: 48 mm<br \/>\n-PESO: 150g<br \/>\n-MATERIAL BANDA: Acero inoxidable<br \/>\n-MATERIAL DEL CASO: Aleaci\u00f3n<br \/>\n-Calendario, cron\u00f3grafo, iluminac\u00edon en pantalla, alarma, cuenta regresiva<br \/>\n-Incluye caja de presentaci\u00f3n<\/p>\n","protected":false},"excerpt":{"rendered":"<p>CARACTERISTICAS: -MARCA: Curren -MODELO:8404 -TIPO: Moda, Lujo. -TIPO DE MOVIMENTO: Cuarzo (japon\u00e9s) -RESISTENCIA AL AGUA: 3 ATM -LONGITUD DE BANDA: 240 mm -DI\u00c1METRO DEL CASO: 48 mm -PESO: 150g -MATERIAL BANDA: Acero inoxidable -MATERIAL DEL CASO: Aleaci\u00f3n -Calendario, cron\u00f3grafo, iluminac\u00edon en pantalla, alarma, cuenta regresiva -Incluye caja de presentaci\u00f3n<\/p>\n","protected":false},"featured_media":273,"template":"","meta":[],"product_brand":[],"product_cat":[18],"product_tag":[],"class_list":{"0":"post-448","1":"product","2":"type-product","3":"status-publish","4":"has-post-thumbnail","6":"product_cat-relojes-de-hombre","7":"sales-flash-overlay","8":"woocommerce-text-align-center","9":"woocommerce-image-align-center","10":"do-quantity-buttons","12":"first","13":"instock","14":"purchasable","15":"product-type-simple"},"jetpack_sharing_enabled":true,"_links":{"self":[{"href":"https:\/\/thebaaccesorios.net\/index.php?rest_route=\/wp\/v2\/product\/448","targetHints":{"allow":["GET"]}}],"collection":[{"href":"https:\/\/thebaaccesorios.net\/index.php?rest_route=\/wp\/v2\/product"}],"about":[{"href":"https:\/\/thebaaccesorios.net\/index.php?rest_route=\/wp\/v2\/types\/product"}],"wp:featuredmedia":[{"embeddable":true,"href":"https:\/\/thebaaccesorios.net\/index.php?rest_route=\/wp\/v2\/media\/273"}],"wp:attachment":[{"href":"https:\/\/thebaaccesorios.net\/index.php?rest_route=%2Fwp%2Fv2%2Fmedia&parent=448"}],"wp:term":[{"taxonomy":"product_brand","embeddable":true,"href":"https:\/\/thebaaccesorios.net\/index.php?rest_route=%2Fwp%2Fv2%2Fproduct_brand&post=448"},{"taxonomy":"product_cat","embeddable":true,"href":"https:\/\/thebaaccesorios.net\/index.php?rest_route=%2Fwp%2Fv2%2Fproduct_cat&post=448"},{"taxonomy":"product_tag","embeddable":true,"href":"https:\/\/thebaaccesorios.net\/index.php?rest_route=%2Fwp%2Fv2%2Fproduct_tag&post=448"}],"curies":[{"name":"wp","href":"https:\/\/api.w.org\/{rel}","templated":true}]}}