{"id":453,"date":"2023-11-06T12:33:03","date_gmt":"2023-11-06T12:33:03","guid":{"rendered":"https:\/\/thebaaccesorios.net\/?product=reloj-hombre-benyar-5171-blue"},"modified":"2025-01-16T16:24:11","modified_gmt":"2025-01-16T13:24:11","slug":"reloj-hombre-benyar-5171-blue","status":"publish","type":"product","link":"https:\/\/thebaaccesorios.net\/?product=reloj-hombre-benyar-5171-blue","title":{"rendered":"Reloj hombre Benyar 5171 Blue"},"content":{"rendered":"<p>-MARCA: Benyar<br \/>\n-MODELO: 5171<br \/>\n-TIPO: Moda, Lujo.<br \/>\n-TIPO DE MOVIMENTO: cuarzo (japon\u00e9s)<br \/>\n-RESISTENCIA AL AGUA: 3 ATM (Salpicaduras, Lavado manos, llovizna)<br \/>\n-LONGITUD DE BANDA: 240 mm<br \/>\n-DI\u00c1METRO DEL CASO: 42 mm<br \/>\n-PESO: 76 g<br \/>\n-MATERIAL BANDA: Cuero genuino<br \/>\n-MATERIAL DEL CASO: Acero Inoxidable<br \/>\n-Fecha autom\u00e1tica, cron\u00f3grafo, agujas luminosas<br \/>\n-Incluye caja de presentaci\u00f3n<\/p>\n<p>&nbsp;<\/p>\n","protected":false},"excerpt":{"rendered":"<p>-MARCA: Benyar -MODELO: 5171 -TIPO: Moda, Lujo. -TIPO DE MOVIMENTO: cuarzo (japon\u00e9s) -RESISTENCIA AL AGUA: 3 ATM (Salpicaduras, Lavado manos, llovizna) -LONGITUD DE BANDA: 240 mm -DI\u00c1METRO DEL CASO: 42 mm -PESO: 76 g -MATERIAL BANDA: Cuero genuino -MATERIAL DEL CASO: Acero Inoxidable -Fecha autom\u00e1tica, cron\u00f3grafo, agujas luminosas -Incluye caja de presentaci\u00f3n &nbsp;<\/p>\n","protected":false},"featured_media":253,"template":"","meta":[],"product_brand":[],"product_cat":[18],"product_tag":[],"class_list":{"0":"post-453","1":"product","2":"type-product","3":"status-publish","4":"has-post-thumbnail","6":"product_cat-relojes-de-hombre","7":"sales-flash-overlay","8":"woocommerce-text-align-center","9":"woocommerce-image-align-center","10":"do-quantity-buttons","12":"first","13":"instock","14":"purchasable","15":"product-type-simple"},"jetpack_sharing_enabled":true,"_links":{"self":[{"href":"https:\/\/thebaaccesorios.net\/index.php?rest_route=\/wp\/v2\/product\/453","targetHints":{"allow":["GET"]}}],"collection":[{"href":"https:\/\/thebaaccesorios.net\/index.php?rest_route=\/wp\/v2\/product"}],"about":[{"href":"https:\/\/thebaaccesorios.net\/index.php?rest_route=\/wp\/v2\/types\/product"}],"wp:featuredmedia":[{"embeddable":true,"href":"https:\/\/thebaaccesorios.net\/index.php?rest_route=\/wp\/v2\/media\/253"}],"wp:attachment":[{"href":"https:\/\/thebaaccesorios.net\/index.php?rest_route=%2Fwp%2Fv2%2Fmedia&parent=453"}],"wp:term":[{"taxonomy":"product_brand","embeddable":true,"href":"https:\/\/thebaaccesorios.net\/index.php?rest_route=%2Fwp%2Fv2%2Fproduct_brand&post=453"},{"taxonomy":"product_cat","embeddable":true,"href":"https:\/\/thebaaccesorios.net\/index.php?rest_route=%2Fwp%2Fv2%2Fproduct_cat&post=453"},{"taxonomy":"product_tag","embeddable":true,"href":"https:\/\/thebaaccesorios.net\/index.php?rest_route=%2Fwp%2Fv2%2Fproduct_tag&post=453"}],"curies":[{"name":"wp","href":"https:\/\/api.w.org\/{rel}","templated":true}]}}