{"id":476,"date":"2023-11-06T12:33:06","date_gmt":"2023-11-06T12:33:06","guid":{"rendered":"https:\/\/thebaaccesorios.net\/?product=reloj-hombre-mecanico-olevs"},"modified":"2025-11-05T00:45:04","modified_gmt":"2025-11-04T21:45:04","slug":"reloj-hombre-mecanico-olevs","status":"publish","type":"product","link":"https:\/\/thebaaccesorios.net\/?product=reloj-hombre-mecanico-olevs","title":{"rendered":"Reloj hombre Mec\u00e1nico-Autom\u00e1tico Olevs"},"content":{"rendered":"<p>-MARCA: Olevs<br \/>\n-MODELO:6661<br \/>\n-TIPO: Moda, Lujo.<br \/>\n-TIPO DE MOVIMENTO: mecanico japones<br \/>\n-RESISTENCIA AL AGUA:\u00a0 (lluvia , lavado manos)<br \/>\n-LONGITUD DE BANDA: 240 mm<br \/>\n-TAMA\u00d1O ESFERA: 41 mm<br \/>\n-ANCHO BANDA: 21 mm<br \/>\n-MATERIAL BANDA: cuero<br \/>\n-MATERIAL DEL CASO: Aleaci\u00f3n<br \/>\n-Agujas luminosas,movimientos mecanicos-autom\u00e1ticos<br \/>\n-INCLUYE CAJA DE PRESENTAC\u00cdON<\/p>\n","protected":false},"excerpt":{"rendered":"<p>-MARCA: Olevs -MODELO:6661 -TIPO: Moda, Lujo. -TIPO DE MOVIMENTO: mecanico japones -RESISTENCIA AL AGUA:\u00a0 (lluvia , lavado manos) -LONGITUD DE BANDA: 240 mm -TAMA\u00d1O ESFERA: 41 mm -ANCHO BANDA: 21 mm -MATERIAL BANDA: cuero -MATERIAL DEL CASO: Aleaci\u00f3n -Agujas luminosas,movimientos mecanicos-autom\u00e1ticos -INCLUYE CAJA DE PRESENTAC\u00cdON<\/p>\n","protected":false},"featured_media":566,"template":"","meta":[],"product_brand":[],"product_cat":[18],"product_tag":[],"class_list":{"0":"post-476","1":"product","2":"type-product","3":"status-publish","4":"has-post-thumbnail","6":"product_cat-relojes-de-hombre","7":"sales-flash-overlay","8":"woocommerce-text-align-center","9":"woocommerce-image-align-center","10":"do-quantity-buttons","12":"first","13":"outofstock","14":"purchasable","15":"product-type-simple"},"jetpack_sharing_enabled":true,"_links":{"self":[{"href":"https:\/\/thebaaccesorios.net\/index.php?rest_route=\/wp\/v2\/product\/476","targetHints":{"allow":["GET"]}}],"collection":[{"href":"https:\/\/thebaaccesorios.net\/index.php?rest_route=\/wp\/v2\/product"}],"about":[{"href":"https:\/\/thebaaccesorios.net\/index.php?rest_route=\/wp\/v2\/types\/product"}],"wp:featuredmedia":[{"embeddable":true,"href":"https:\/\/thebaaccesorios.net\/index.php?rest_route=\/wp\/v2\/media\/566"}],"wp:attachment":[{"href":"https:\/\/thebaaccesorios.net\/index.php?rest_route=%2Fwp%2Fv2%2Fmedia&parent=476"}],"wp:term":[{"taxonomy":"product_brand","embeddable":true,"href":"https:\/\/thebaaccesorios.net\/index.php?rest_route=%2Fwp%2Fv2%2Fproduct_brand&post=476"},{"taxonomy":"product_cat","embeddable":true,"href":"https:\/\/thebaaccesorios.net\/index.php?rest_route=%2Fwp%2Fv2%2Fproduct_cat&post=476"},{"taxonomy":"product_tag","embeddable":true,"href":"https:\/\/thebaaccesorios.net\/index.php?rest_route=%2Fwp%2Fv2%2Fproduct_tag&post=476"}],"curies":[{"name":"wp","href":"https:\/\/api.w.org\/{rel}","templated":true}]}}