{"id":510,"date":"2023-11-06T12:33:13","date_gmt":"2023-11-06T12:33:13","guid":{"rendered":"https:\/\/thebaaccesorios.net\/?product=reloj-hombre-megir-2002-2"},"modified":"2024-02-28T20:55:02","modified_gmt":"2024-02-28T20:55:02","slug":"reloj-hombre-megir-2002-2","status":"publish","type":"product","link":"https:\/\/thebaaccesorios.net\/?product=reloj-hombre-megir-2002-2","title":{"rendered":"Reloj hombre Megir 2002"},"content":{"rendered":"<p>CARACTERISTICAS:<\/p>\n<p>-MARCA: Megir<br \/>\n-MODELO:2002<br \/>\n-TIPO: Moda, Lujo, Cuarzo, deporte<br \/>\n-TIPO DE MOVIMENTO: Cuarzo<br \/>\n-RESISTENCIA AL AGUA: 3 ATM (salpicadura y lavado manos)<br \/>\n-LONGITUD DE BANDA: 196 mm<br \/>\n-DIAMETRO DE ESFERA: 48 mm<br \/>\n-MATERIAL BANDA: silicona<br \/>\n-MATERIAL DEL CASO: Aleaci\u00f3n<br \/>\n-ANCHO BANDA: 22 mm<br \/>\n-Fecha autom\u00e1tica, calendario completo, cron\u00f3grafo<br \/>\n-Presentaci\u00f3n: con su caja correspondiente<\/p>\n","protected":false},"excerpt":{"rendered":"<p>CARACTERISTICAS: -MARCA: Megir -MODELO:2002 -TIPO: Moda, Lujo, Cuarzo, deporte -TIPO DE MOVIMENTO: Cuarzo -RESISTENCIA AL AGUA: 3 ATM (salpicadura y lavado manos) -LONGITUD DE BANDA: 196 mm -DIAMETRO DE ESFERA: 48 mm -MATERIAL BANDA: silicona -MATERIAL DEL CASO: Aleaci\u00f3n -ANCHO BANDA: 22 mm -Fecha autom\u00e1tica, calendario completo, cron\u00f3grafo -Presentaci\u00f3n: con su caja correspondiente<\/p>\n","protected":false},"featured_media":357,"template":"","meta":[],"product_brand":[],"product_cat":[18],"product_tag":[],"class_list":{"0":"post-510","1":"product","2":"type-product","3":"status-publish","4":"has-post-thumbnail","6":"product_cat-relojes-de-hombre","7":"sales-flash-overlay","8":"woocommerce-text-align-center","9":"woocommerce-image-align-center","10":"do-quantity-buttons","12":"first","13":"instock","14":"purchasable","15":"product-type-simple"},"jetpack_sharing_enabled":true,"_links":{"self":[{"href":"https:\/\/thebaaccesorios.net\/index.php?rest_route=\/wp\/v2\/product\/510","targetHints":{"allow":["GET"]}}],"collection":[{"href":"https:\/\/thebaaccesorios.net\/index.php?rest_route=\/wp\/v2\/product"}],"about":[{"href":"https:\/\/thebaaccesorios.net\/index.php?rest_route=\/wp\/v2\/types\/product"}],"wp:featuredmedia":[{"embeddable":true,"href":"https:\/\/thebaaccesorios.net\/index.php?rest_route=\/wp\/v2\/media\/357"}],"wp:attachment":[{"href":"https:\/\/thebaaccesorios.net\/index.php?rest_route=%2Fwp%2Fv2%2Fmedia&parent=510"}],"wp:term":[{"taxonomy":"product_brand","embeddable":true,"href":"https:\/\/thebaaccesorios.net\/index.php?rest_route=%2Fwp%2Fv2%2Fproduct_brand&post=510"},{"taxonomy":"product_cat","embeddable":true,"href":"https:\/\/thebaaccesorios.net\/index.php?rest_route=%2Fwp%2Fv2%2Fproduct_cat&post=510"},{"taxonomy":"product_tag","embeddable":true,"href":"https:\/\/thebaaccesorios.net\/index.php?rest_route=%2Fwp%2Fv2%2Fproduct_tag&post=510"}],"curies":[{"name":"wp","href":"https:\/\/api.w.org\/{rel}","templated":true}]}}